-8)?
20
Let z(o) = -70*o + 4664. Determine z(53).
954
Let w(m) = -m**3 - 31*m**2 - 50*m - 110. Determine w(-29).
-342
Let j(i) = -37*i**2 + 16325*i - 3476. What is j(441)?
52
Let k(z) = -14771*z**2 + 324931*z + 672. Give k(22).
-10
Let b(z) = -42208*z + 5191623. Give b(123).
39
Let d(x) = -x**3 - 5*x**2 - 1460*x - 7241. Give d(-5).
59
Let j(u) = -14883*u - 118811. Give j(-8).
253
Let v(d) = 20*d**2 - 1231*d + 11523. Determine v(50).
-27
Let d(y) = -16*y**2 - 3493*y + 5934. What is d(-220)?
-6
Let k(l) = 6358*l - 82425. Calculate k(13).
229
Let r(o) = -o**2 + 688*o + 9674. Give r(-14).
-154
Let w(c) = -c**3 - 23*c**2 - 105*c - 1137. Determine w(-21).
186
Let w(k) = 1823*k + 35416. Give w(-19).
779
Let r(t) = 1481*t - 29583. Determine r(20).
37
Let v(j) = -133*j + 47903. Calculate v(360).
23
Let w(j) = 769*j - 54383. Calculate w(71).
216
Let u(k) = k**3 - 7*k**2 - 17558*k + 105466. What is u(6)?
82
Let x(w) = 8142*w**2 + 398961*w + 145. Determine x(-49).
-2
Let m(q) = 181339*q - 1813397. Determine m(10).
-7
Let k(y) = 25*y**3 + 69*y**2 - 211*y + 8. Calculate k(3).
671
Let z(t) = -119720*t + 1077525. Give z(9).
45
Let x(p) = 866*p - 295301. Give x(341).
5
Let x(k) = 2*k**2 - 5687*k - 178085. Give x(-31).
134
Let d(q) = -5354*q - 21392. What is d(-4)?
24
Let d(l) = 358*l - 20950. Determine d(58).
-186
Let q(z) = 1056*z + 244917. Determine q(-232).
-75
Let t(a) = -35*a**2 - 151*a + 822. Calculate t(-8).
-210
Let q(p) = -p**2 + 1071*p + 12985. Determine q(-12).
-11
Let h(b) = -51*b**3 + 7*b**2 + 29*b - 3. Calculate h(-3).
1350
Let o(g) = -g**3 + 44*g**2 + 84*g - 1698. Determine o(45).
57
Let u(f) = 312*f**2 - 40556*f - 513. Calculate u(130).
7
Let a(h) = 138712*h + 138716. Give a(-1).
4
Let t(o) = 5*o**3 + 206*o**2 - 2*o - 408. Calculate t(0).
-408
Let j(g) = -g**2 - 38*g - 439. Calculate j(-22).
-87
Let j(b) = -40422*b + 1616884. What is j(40)?
4
Let w(r) = r**3 - 107*r**2 - 1363*r - 7733. Give w(119).
2
Let z(t) = -t**3 - t**2 + 3067*t - 12304. Calculate z(4).
-116
Let x(y) = -y**3 + 284*y**2 - 6709*y + 11. Calculate x(26).
-15
Let h(k) = k**2 + 27*k - 6332. Calculate h(-94).
-34
Let i(p) = -p**2 - 96*p - 808. Give i(-75).
767
Let g(k) = k**3 - 178*k**2 - 41810*k + 695. Determine g(312).
71
Let a(i) = 3903*i + 13821. Give a(-5).
-5694
Let t(d) = 17*d**3 + 80*d**2 + 158*d + 3. What is t(-2)?
-129
Let v(f) = 33*f**2 - 676*f + 317. Calculate v(20).
-3
Let h(g) = 7951*g + 15894. What is h(-2)?
-8
Let s(p) = 1966*p - 7477. Determine s(4).
387
Let a(m) = -14271*m - 57152. What is a(-4)?
-68
Let w(r) = 62*r**2 - 5954*r + 132460. What is w(35)?
20
Let b(x) = x**2 + 1651*x - 38463. Calculate b(23).
39
Let h(p) = -6*p**3 + 177*p**2 + 62*p + 811. Give h(30).
-29
Let c(b) = 1046*b + 3398. Calculate c(-4).
-786
Let q(j) = -475*j + 69757. Give q(147).
-68
Let i(g) = -7*g**2 - 1760*g + 966. Calculate i(-252).
-42
Let s(d) = 28*d + 8371. Give s(-255).
1231
Let k(d) = -38*d**2 - 343*d + 21. Determine k(-9).
30
Let c(u) = 24*u**2 - 622*u - 51167. Give c(-35).
3
Let h(s) = -169*s**2 + 9463*s + 106. Calculate h(56).
50
Let q(o) = o**3 + 19*o**2 + 91*o + 10. Calculate q(-12).
-74
Let j(y) = -8440*y + 101470. Give j(12).
190
Let j(t) = -3*t**3 - 604*t**2 - 25761*t - 138. What is j(-140)?
2
Let g(n) = -2*n**3 - 23*n**2 + 931*n + 11016. Determine g(-12).
-12
Let b(x) = -9375*x - 28210. What is b(-3)?
-85
Let d(f) = 11*f**3 - 219*f**2 - 26*f + 259. Determine d(20).
139
Let g(h) = -168*h**2 + 511*h + 635. Calculate g(4).
-9
Let j(q) = 5270*q - 331981. Calculate j(63).
29
Let l(t) = 8*t**2 + 2811*t + 13861. What is l(-5)?
6
Let b(a) = 361*a**3 - 3609*a**2 - 6*a - 44. Calculate b(10).
-4
Let u(z) = -11717*z + 3011305. Determine u(257).
36
Let r(k) = -3201*k - 99213. Calculate r(-31).
18
Let l(g) = 12677*g + 1356437. What is l(-107)?
-2
Let y(b) = -299*b + 145242. Determine y(486).
-72
Let z(u) = 501*u - 58140. What is z(116)?
-24
Let l(k) = -k**3 + 12*k**2 - 3*k - 236. What is l(8)?
-4
Let v(o) = -5*o**3 - 526*o**2 - 114*o + 772. Calculate v(-105).
1717
Let j(g) = g**2 - 179827*g - 1258809. Calculate j(-7).
29
Let t(u) = 31*u - 434. Determine t(10).
-124
Let s(g) = 5985*g + 6007. What is s(-1)?
22
Let s(r) = -3093*r + 18524. Determine s(6).
-34
Let o(h) = -33*h**3 + 25*h**2 + 35*h + 15. Calculate o(-1).
38
Let h(b) = -8966*b - 896604. Calculate h(-100).
-4
Let u(r) = 1068*r + 226720. Give u(-212).
304
Let y(m) = 24*m**3 + 3*m**2 + 11*m + 7. Determine y(-4).
-1525
Let a(k) = 2724*k - 49091. Give a(18).
-59
Let b(j) = -1162*j - 1063. Calculate b(-1).
99
Let y(h) = -8306*h + 16687. Determine y(2).
75
Let b(w) = 4364*w + 244392. Determine b(-56).
8
Let d(b) = 3*b**3 - 98*b**2 - 61*b + 771. Calculate d(33).
-153
Let w(d) = -903*d**2 - 322*d - 318. Give w(-1).
-899
Let q(u) = -87*u - 5211. What is q(-103)?
3750
Let o(b) = 13*b**3 - 726*b**2 - 112*b - 528. What is o(56)?
-528
Let i(l) = 4*l**3 - 250*l**2 + 126*l - 204. Give i(62).
-80
Let h(u) = 15*u**2 + 1240*u + 17201. Calculate h(-65).
-24
Let p(j) = 28609*j - 200366. What is p(7)?
-103
Let t(j) = -4*j**3 - 2*j**2 + 80*j + 818. Calculate t(-9).
2852
Let m(a) = -4330*a - 39692. Give m(-8).
-5052
Let z(a) = 13*a**2 + 560*a + 51. Calculate z(-43).
8
Let w(n) = -524*n + 23579. Calculate w(45).
-1
Let r(i) = 2*i**3 + 67*i**2 - 347*i - 6006. Determine r(-36).
6
Let h(x) = -24*x**2 + 112*x + 621. Determine h(8).
-19
Let p(f) = -1251*f + 10252. Calculate p(10).
-2258
Let k(p) = -p**3 - 192*p**2 + 743*p + 32471. What is k(-195)?
1661
Let k(m) = 100*m - 9119. What is k(84)?
-719
Let h(r) = 4704*r**2 + 9339*r - 127. What is h(-2)?
11
Let j(w) = -w**3 + 6*w**2 + 2684*w - 13468. What is j(5)?
-23
Let m(s) = s**3 + 113*s**2 + 39*s + 4360. Give m(-113).
-47
Let o(z) = 20*z**2 + 12653*z + 148939. Determine o(-12).
-17
Let s(b) = b**3 - 18*b**2 + 1881*b - 9082. Calculate s(5).
-2
Let s(w) = -108725*w + 2391960. Give s(22).
10
Let a(k) = -374*k + 10072. What is a(27)?
-26
Let p(x) = -3250*x**2 + 38932*x + 822. Determine p(12).
6
Let g(v) = -205*v + 2525. What is g(12)?
65
Let c(q) = -10*q**2 - 1011*q - 21743. Give c(-31).
-12
Let c(x) = 3*x**2 + 553*x - 49553. Determine c(66).
13
Let w(g) = -523*g + 46719. Give w(87).
1218
Let u(t) = t**2 + 73*t + 444. What is u(-7)?
-18
Let f(d) = 37*d - 130. Give f(35).
1165
Let z(j) = -45253*j + 2307904. What is z(51)?
1
Let h(n) = -11838*n - 236713. Determine h(-20).
47
Let o(h) = -2*h**3 + 159*h**2 + 407*h + 216. Calculate o(82).
-30
Let u(x) = 1180*x + 23650. What is u(-20)?
50
Let p(o) = -71544*o + 1502418. What is p(21)?
-6
Let g(i) = -711*i + 12909. Determine g(18).
111
Let i(s) = -45824*s + 183286. Determine i(4).
-10
Let u(x) = 2*x**3 + 298*x**2 - 1214*x + 1525. Calculate u(-153).
-5
Let s(h) = -2*h**2 + 3024*h - 35795. What is s(12)?
205
Let x(b) = 7*b**3 - 1117*b**2 + 639*b - 490. Give x(159).
-13
Let r(k) = 18785*k + 75144. Calculate r(-4).
4
Let b(j) = 95*j - 10777. What is b(115)?
148
Let n(k) = -346*k + 11218. Calculate n(32).
146
Let y(q) = -417*q**2 - 33771*q + 481. Give y(-81).
-5
Let o(p) = -21*p**2 + 63*p - 130. Determine o(2).
-88
Let u(g) = g**3 - 703*g**2 + 7610*g + 19. Calculate u(11).
-3
Let g(m) = 1027*m + 4097. What is g(-4)?
-11
Let k(j) = 16901*j - 288122. What is k(17)?
-805
Let p(o) = -2*o**3 - 43*o**2 - 97*o + 176. Calculate p(-4).
4
Let v(j) = 14*j**2 - 6*j - 13633. Calculate v(-31).
7
Let q(m) = 112*m**2 + 14903*m + 1374. Give q(-133).
443
Let j(v) = -v**2 + 18672*v + 2236134. Give j(-119).
5
Let o(m) = -m**3 + 195*m**2 + 1812*m + 4879. Give o(204).
-17
Let x(w) = -2*w**3 + w**2 + 36*w - 85. Give x(3).
-22
Let b(a) = 8*a**2 + 132*a + 775. Give b(-7).
243
Let m(k) = -30*k**2 + 8486*k + 8497. Calculate m(-1).
-19
Let n(p) = -p**3 + 48*p**2 + 209*p - 941. Calculate n(52).
-889
Let z(a) = -a**3 + 8*a**2 + 55*a - 119. What is z(8)?
321
Let j(q) = -497*q + 6464. Calculate j(13).
3
Let x(g) = -134*g**3 + 5360*g**2 - 6*g + 347. What is x(40)?
107
Let j(m) = 40785*m + 3548295. What is j(-87)?
0
Let x(i) = -58*i + 6861. Calculate x(76).
2453
Let k(h) = h**3 + 20*h**2 + 117*h + 1528. What is k(-16)?
680
Let g(j) = 3*j**2 - 2045*j - 19344. What is g(691)?
4
Let t(k) = 19471*k - 17629. What is t(1)?
1842
Let j(x) = -77*x**3 + 1458*x**2 + 95*x - 20. Determine j(19).
-20
Let q(p) = p**3 